{"id":156,"date":"2022-02-13T21:46:49","date_gmt":"2022-02-13T21:46:49","guid":{"rendered":"http:\/\/www.mostowik.pl\/?page_id=156"},"modified":"2022-02-13T22:02:57","modified_gmt":"2022-02-13T22:02:57","slug":"blog","status":"publish","type":"page","link":"https:\/\/www.mostowik.pl\/index.php\/blog\/","title":{"rendered":"Blog"},"content":{"rendered":"\n<div class=\"wp-block-group\"><div class=\"wp-block-group__inner-container\">\n<div class=\"wp-block-query\"><ul class=\"wp-block-post-template\"><li>\n<h2 class=\"wp-block-post-title\"><a href=\"https:\/\/www.mostowik.pl\/index.php\/2022\/10\/01\/dolaczam-do-deloitte-legal\/\" target=\"_self\" rel=\"   \">Do\u0142\u0105czam do Deloitte Legal<\/a><\/h2>\n\n\n\n<div class=\"wp-block-post-excerpt\"><p class=\"wp-block-post-excerpt__excerpt\">Z dniem 1 pa\u017adziernika 2022 roku do\u0142\u0105czy\u0142em do zespo\u0142u Deloitte Legal. W zwi\u0105zku z tym wpisy na blogu mog\u0105 nie by\u0107 d\u0142u\u017cej aktualizowane. Moje najnowsze wypowiedzi b\u0119dzie mo\u017cna znale\u017a\u0107 na na \u0142amach Bloga Prawo Nowych Technologii oraz w Biuletynie prawnym [&hellip;] <\/p><\/div>\n\n\n<hr class=\"wp-block-separator\"\/>\n\n\n<div class=\"wp-block-post-date\"><time datetime=\"2022-10-01T20:05:00+00:00\">2022-10-01<\/time><\/div>\n<\/li><li>\n<h2 class=\"wp-block-post-title\"><a href=\"https:\/\/www.mostowik.pl\/index.php\/2022\/02\/16\/przygotowanie-do-ewentualnej-kontroli-puodo-w-bankach-spoldzielczych\/\" target=\"_self\" rel=\"   \">Warsztaty KZBS, 18.02.2022: Przygotowanie do ewentualnej kontroli PUODO w bankach sp\u00f3\u0142dzielczych<\/a><\/h2>\n\n\n\n<div class=\"wp-block-post-excerpt\"><p class=\"wp-block-post-excerpt__excerpt\">Jeszcze w tym tygodniu b\u0119dziemy mieli kolejn\u0105 okazj\u0119 do spotkania &#8211; tym razem g\u0142\u00f3wnie z przedstawicielami bank\u00f3w sp\u00f3\u0142dzielczych. W najbli\u017cszy pi\u0105tek Krajowy Zwi\u0105zek Bank\u00f3w Sp\u00f3\u0142dzielczych oraz DLK Legal organizuj\u0105 ca\u0142odniowe warsztaty Przygotowanie do ewentualnej kontroli PUODO w bankach sp\u00f3\u0142dzielczych. Celem [&hellip;] <\/p><\/div>\n\n\n<hr class=\"wp-block-separator\"\/>\n\n\n<div class=\"wp-block-post-date\"><time datetime=\"2022-02-16T08:15:00+00:00\">2022-02-16<\/time><\/div>\n<\/li><li>\n<h2 class=\"wp-block-post-title\"><a href=\"https:\/\/www.mostowik.pl\/index.php\/2022\/02\/13\/136\/\" target=\"_self\" rel=\"   \">&#8222;Ochrona danych osobowych w Internecie rzeczy w prawie UE&#8221; &#8211; moja ksi\u0105\u017cka ju\u017c wkr\u00f3tce!<\/a><\/h2>\n\n\n\n<div class=\"wp-block-post-excerpt\"><p class=\"wp-block-post-excerpt__excerpt\">Dzisiaj b\u0119dzie nieco mniej powa\u017cnie, cho\u0107 temat w zupe\u0142no\u015bci serio. W najbli\u017cszym tygodniu uka\u017ce si\u0119 drukiem zredagowana wersja mojej pracy doktorskiej: Ochrona danych osobowych w Internecie rzeczy w prawie UE. Ksi\u0105\u017cka zosta\u0142a wydana przez moje ulubione wydawnictwo prawnicze w Polsce [&hellip;] <\/p><\/div>\n\n\n<hr class=\"wp-block-separator\"\/>\n\n\n<div class=\"wp-block-post-date\"><time datetime=\"2022-02-13T20:51:23+00:00\">2022-02-13<\/time><\/div>\n<\/li><li>\n<h2 class=\"wp-block-post-title\"><a href=\"https:\/\/www.mostowik.pl\/index.php\/2021\/11\/20\/czy-doradca-transakcyjny-powinien-byc-ekspertem-od-regulacji\/\" target=\"_self\" rel=\"   \">Czy doradca transakcyjny powinien by\u0107 ekspertem od regulacji?<\/a><\/h2>\n\n\n\n<div class=\"wp-block-post-excerpt\"><p class=\"wp-block-post-excerpt__excerpt\">Poni\u017cszy tekst jest wprowadzeniem do prezentacji \u201eInwestowanie w Fintech, wychodzenie z Fintech\u201d, kt\u00f3r\u0105 przedstawi\u0119 podczas tegorocznych warsztat\u00f3w Uregulowani Live 2021. Uregulowani Live to cykliczne warsztaty organizowane przez DLK Legal. Tegoroczna edycja odb\u0119dzie si\u0119 w Warszawie (23.11.2021) i obejmie dwie \u015bcie\u017cki: [&hellip;] <\/p><\/div>\n\n\n<hr class=\"wp-block-separator\"\/>\n\n\n<div class=\"wp-block-post-date\"><time datetime=\"2021-11-20T16:21:20+00:00\">2021-11-20<\/time><\/div>\n<\/li><li>\n<h2 class=\"wp-block-post-title\"><a href=\"https:\/\/www.mostowik.pl\/index.php\/2021\/11\/06\/beck_2021_12_07\/\" target=\"_self\" rel=\"   \">Konferencja C.H. Beck, 7.12.2021<\/a><\/h2>\n\n\n\n<div class=\"wp-block-post-excerpt\"><p class=\"wp-block-post-excerpt__excerpt\">Za nieco ponad miesi\u0105c b\u0119dziemy mieli kolejn\u0105 okazj\u0119 do spotkania. Na zaproszenie prof. Grzegorza Sibigi wezm\u0119 udzia\u0142 w VII Konferencji Ochrony Danych Osobowych organizowanej przez C.H. Beck, pod tytu\u0142em Dzia\u0142ania instytucji i organ\u00f3w Unii Europejskiej w ochronie danych osobowych. Konferencja [&hellip;] <\/p><\/div>\n\n\n<hr class=\"wp-block-separator\"\/>\n\n\n<div class=\"wp-block-post-date\"><time datetime=\"2021-11-06T08:00:00+00:00\">2021-11-06<\/time><\/div>\n<\/li><li>\n<h2 class=\"wp-block-post-title\"><a href=\"https:\/\/www.mostowik.pl\/index.php\/2021\/11\/04\/czy-wdrozenie-stanowiska-urzedu-knf-moze-zwiekszac-ryzyko-prawne-dla-instytucji-finansowej\/\" target=\"_self\" rel=\"   \">Czy wdro\u017cenie stanowiska Urz\u0119du KNF mo\u017ce zwi\u0119ksza\u0107 ryzyko prawne dla instytucji finansowej?<\/a><\/h2>\n\n\n\n<div class=\"wp-block-post-excerpt\"><p class=\"wp-block-post-excerpt__excerpt\">Poni\u017cszy tekst jest wprowadzeniem do prezentacji \u201eMarketing i komunikacja instytucji nadzorowanych\u201d, kt\u00f3r\u0105 przedstawi\u0119 podczas tegorocznych warsztat\u00f3w Uregulowani Live 2021. Uregulowani Live to cykliczne warsztaty organizowane przez DLK Legal. Tegoroczna edycja odb\u0119dzie si\u0119 w Warszawie (23.11.2021) i obejmie dwie \u015bcie\u017cki: #Regulacje [&hellip;] <\/p><\/div>\n\n\n<hr class=\"wp-block-separator\"\/>\n\n\n<div class=\"wp-block-post-date\"><time datetime=\"2021-11-04T23:46:10+00:00\">2021-11-04<\/time><\/div>\n<\/li><li>\n<h2 class=\"wp-block-post-title\"><a href=\"https:\/\/www.mostowik.pl\/index.php\/2021\/11\/01\/mmc_2021_11_08\/\" target=\"_self\" rel=\"   \">Warsztaty MMC, 8.11.2021<\/a><\/h2>\n\n\n\n<div class=\"wp-block-post-excerpt\"><p class=\"wp-block-post-excerpt__excerpt\">Ju\u017c za tydzie\u0144 b\u0119dziemy mieli okazj\u0119 spotka\u0107 si\u0119 podczas warsztatu &#8222;Funkcjonowanie podmiot\u00f3w rynku finansowego na nowych zasadach &#8211; zmiany w ustawach o rynku finansowym&#8221; organizowanego przez MMC Polska. Poprowadz\u0119 pierwsz\u0105 prezentacj\u0119 (&#8222;Przegl\u0105d nowych regulacji: projekt ustawy o zmianie niekt\u00f3rych ustaw [&hellip;] <\/p><\/div>\n\n\n<hr class=\"wp-block-separator\"\/>\n\n\n<div class=\"wp-block-post-date\"><time datetime=\"2021-11-01T01:26:16+00:00\">2021-11-01<\/time><\/div>\n<\/li><\/ul><\/div>\n<\/div><\/div>\n","protected":false},"excerpt":{"rendered":"","protected":false},"author":1,"featured_media":0,"parent":0,"menu_order":0,"comment_status":"closed","ping_status":"closed","template":"","meta":[],"_links":{"self":[{"href":"https:\/\/www.mostowik.pl\/index.php\/wp-json\/wp\/v2\/pages\/156"}],"collection":[{"href":"https:\/\/www.mostowik.pl\/index.php\/wp-json\/wp\/v2\/pages"}],"about":[{"href":"https:\/\/www.mostowik.pl\/index.php\/wp-json\/wp\/v2\/types\/page"}],"author":[{"embeddable":true,"href":"https:\/\/www.mostowik.pl\/index.php\/wp-json\/wp\/v2\/users\/1"}],"replies":[{"embeddable":true,"href":"https:\/\/www.mostowik.pl\/index.php\/wp-json\/wp\/v2\/comments?post=156"}],"version-history":[{"count":4,"href":"https:\/\/www.mostowik.pl\/index.php\/wp-json\/wp\/v2\/pages\/156\/revisions"}],"predecessor-version":[{"id":165,"href":"https:\/\/www.mostowik.pl\/index.php\/wp-json\/wp\/v2\/pages\/156\/revisions\/165"}],"wp:attachment":[{"href":"https:\/\/www.mostowik.pl\/index.php\/wp-json\/wp\/v2\/media?parent=156"}],"curies":[{"name":"wp","href":"https:\/\/api.w.org\/{rel}","templated":true}]}}